{"id":1988,"date":"2023-08-29T18:14:29","date_gmt":"2023-08-29T16:14:29","guid":{"rendered":"https:\/\/amberfragrance.com\/?post_type=product&#038;p=1988"},"modified":"2023-09-14T19:25:01","modified_gmt":"2023-09-14T17:25:01","slug":"argan-shower-gel-without-parabens","status":"publish","type":"product","link":"https:\/\/amberfragrance.com\/index.php\/produit\/argan-shower-gel-without-parabens\/","title":{"rendered":"Argan Shower Gel &#8211; Without Parabens"},"content":{"rendered":"<p>Ingredients: Ingredienst: Water\/Aqua, Dioctyl sodium, Prunusamygdalus dulcis oil,PEG\/PPG-120\/10 Trimethylolpropane triol\u00e9ate, Coco-Betaine, Disodique Cocoamphodiacetate, Cocamidopropylb\u00e9ta\u00efne, Lactic acid, Aloe Barbadensis,Leaf Oil, Argania Spinosa Kernel Oil, Benzylacohol, Sodiumbenzoate, Potasuim sorbate, Frankincense et Myrrh ( fragrance). How to use: Pour a hazelnut product into the palm of your hand or onto a washcloth,applied to the body and\/or hair, make it foam, wash, and rinse. Keep out of use of children, clean with water when in eye contact.<\/p>\n<p>Batch number: 20029<\/p>\n<p>Made in Morocco.<\/p>\n","protected":false},"excerpt":{"rendered":"<p>The argan shower gel is a true skin cleanser that leaves an fresh smell. Enriched with argan oil, this gel nourishes the skin without drying it out by maintaining its hydration. Thanks to the fatty acids and vitamin E in argan oil, Agran shower gel protects and revitalizes your skin in a sustainable way. By providing this shower gel, your skin will become soft and wrapped in a sweet oriental scent of Argan.<\/p>\n","protected":false},"featured_media":1929,"comment_status":"open","ping_status":"closed","template":"","meta":[],"product_cat":[59,54,46],"product_tag":[],"class_list":{"0":"post-1988","1":"product","2":"type-product","3":"status-publish","4":"has-post-thumbnail","6":"product_cat-bodycare","7":"product_cat-cosmetique","8":"product_cat-tout","10":"first","11":"instock","12":"sale","13":"shipping-taxable","14":"purchasable","15":"product-type-simple"},"_links":{"self":[{"href":"https:\/\/amberfragrance.com\/index.php\/wp-json\/wp\/v2\/product\/1988","targetHints":{"allow":["GET"]}}],"collection":[{"href":"https:\/\/amberfragrance.com\/index.php\/wp-json\/wp\/v2\/product"}],"about":[{"href":"https:\/\/amberfragrance.com\/index.php\/wp-json\/wp\/v2\/types\/product"}],"replies":[{"embeddable":true,"href":"https:\/\/amberfragrance.com\/index.php\/wp-json\/wp\/v2\/comments?post=1988"}],"version-history":[{"count":0,"href":"https:\/\/amberfragrance.com\/index.php\/wp-json\/wp\/v2\/product\/1988\/revisions"}],"wp:featuredmedia":[{"embeddable":true,"href":"https:\/\/amberfragrance.com\/index.php\/wp-json\/wp\/v2\/media\/1929"}],"wp:attachment":[{"href":"https:\/\/amberfragrance.com\/index.php\/wp-json\/wp\/v2\/media?parent=1988"}],"wp:term":[{"taxonomy":"product_cat","embeddable":true,"href":"https:\/\/amberfragrance.com\/index.php\/wp-json\/wp\/v2\/product_cat?post=1988"},{"taxonomy":"product_tag","embeddable":true,"href":"https:\/\/amberfragrance.com\/index.php\/wp-json\/wp\/v2\/product_tag?post=1988"}],"curies":[{"name":"wp","href":"https:\/\/api.w.org\/{rel}","templated":true}]}}