{"id":1983,"date":"2023-08-29T18:05:33","date_gmt":"2023-08-29T16:05:33","guid":{"rendered":"https:\/\/amberfragrance.com\/?post_type=product&#038;p=1983"},"modified":"2023-09-14T19:27:25","modified_gmt":"2023-09-14T17:27:25","slug":"hair-conditioner-argan","status":"publish","type":"product","link":"https:\/\/amberfragrance.com\/index.php\/produit\/hair-conditioner-argan\/","title":{"rendered":"Hair Conditioner Argan"},"content":{"rendered":"<p>Ingredients: Aqua\/Water, St\u00e9aric acid, C\u00e9tyl alcohol, Glyc\u00e9rylSt\u00e9arate, Dicaprylyl carbonate,Cococaprylate\/Caprate, Hydrog\u00e9nated castor oil, Glyc\u00e9ryl cocoate, Gglyc\u00e9rin, Argania spinosa kernel oil, Camelliasiensis leaf extract, Tocopherol, Benzylalcohol, Citric acid,parfum. How to use:Use after shampooing 15 min in a warm bath preferably wrapped your hair with awet and warm cap or towel, then rinse with warm water. Keep out of reach of children, in case of contact with eyes rinse with water.<\/p>\n<p>Batch number: 20027<\/p>\n<p>Made in Morocco.<\/p>\n","protected":false},"excerpt":{"rendered":"<p>This high-quality softening conditioner, one of the best existing, has been created to meet all hair problems. This softener reduces static electricity and facilitates styling and detangling. Its regular use sheaths the hairwith a protective film that protects against various aggressions and promotes faster growth of a healthy hair.<\/p>\n","protected":false},"featured_media":1926,"comment_status":"open","ping_status":"closed","template":"","meta":[],"product_cat":[54,60,46],"product_tag":[],"class_list":{"0":"post-1983","1":"product","2":"type-product","3":"status-publish","4":"has-post-thumbnail","6":"product_cat-cosmetique","7":"product_cat-hair","8":"product_cat-tout","10":"first","11":"instock","12":"sale","13":"shipping-taxable","14":"purchasable","15":"product-type-simple"},"_links":{"self":[{"href":"https:\/\/amberfragrance.com\/index.php\/wp-json\/wp\/v2\/product\/1983","targetHints":{"allow":["GET"]}}],"collection":[{"href":"https:\/\/amberfragrance.com\/index.php\/wp-json\/wp\/v2\/product"}],"about":[{"href":"https:\/\/amberfragrance.com\/index.php\/wp-json\/wp\/v2\/types\/product"}],"replies":[{"embeddable":true,"href":"https:\/\/amberfragrance.com\/index.php\/wp-json\/wp\/v2\/comments?post=1983"}],"version-history":[{"count":0,"href":"https:\/\/amberfragrance.com\/index.php\/wp-json\/wp\/v2\/product\/1983\/revisions"}],"wp:featuredmedia":[{"embeddable":true,"href":"https:\/\/amberfragrance.com\/index.php\/wp-json\/wp\/v2\/media\/1926"}],"wp:attachment":[{"href":"https:\/\/amberfragrance.com\/index.php\/wp-json\/wp\/v2\/media?parent=1983"}],"wp:term":[{"taxonomy":"product_cat","embeddable":true,"href":"https:\/\/amberfragrance.com\/index.php\/wp-json\/wp\/v2\/product_cat?post=1983"},{"taxonomy":"product_tag","embeddable":true,"href":"https:\/\/amberfragrance.com\/index.php\/wp-json\/wp\/v2\/product_tag?post=1983"}],"curies":[{"name":"wp","href":"https:\/\/api.w.org\/{rel}","templated":true}]}}